In base 14, what is -646 - -2?
-644
In base 7, what is -5 + 1224?
1216
In base 5, what is -2 - 11044?
-11101
In base 4, what is -1 - -11?
10
In base 3, what is -100 + -1210?
-2010
In base 15, what is a6 + -1?
a5
In base 9, what is 2 - -3?
5
In base 7, what is 0 + -11?
-11
In base 13, what is 32 + -1b?
14
In base 2, what is -11000011 - -100?
-10111111
In base 11, what is -211a - 7?
-2126
In base 15, what is -68 - -5?
-63
In base 6, what is -3 - -40051?
40044
In base 16, what is 2 + b27?
b29
In base 4, what is -2112 + -1?
-2113
In base 14, what is 1 + -6c?
-6b
In base 6, what is 1405 - -1?
1410
In base 11, what is a4 - 55?
4a
In base 5, what is -3 + 114134?
114131
In base 10, what is 374 - -4?
378
In base 2, what is -100 + -1111000?
-1111100
In base 13, what is 21c9 - 1?
21c8
In base 4, what is -211 - -303?
32
In base 16, what is 1 - -31a?
31b
In base 9, what is 3 + -3738?
-3735
In base 8, what is -77 - 3?
-102
In base 7, what is -1324 - -2?
-1322
In base 3, what is 1 + -222100?
-222022
In base 7, what is 10 + -6613?
-6603
In base 2, what is -1000010011 + 10?
-1000010001
In base 10, what is 706 - -4?
710
In base 14, what is 685 + 5?
68a
In base 15, what is 21d + -6?
217
In base 2, what is 100011101000 + 1?
100011101001
In base 12, what is 1526 - -8?
1532
In base 12, what is 4 - -498?
4a0
In base 4, what is -33 + -20?
-113
In base 2, what is 1000000011011010 + -101?
1000000011010101
In base 15, what is 15 + 4?
19
In base 4, what is 103103 - -2?
103111
In base 15, what is -1 + 33?
32
In base 14, what is 3 + 3c?
41
In base 3, what is 2 + -2122?
-2120
In base 11, what is 11 - -46?
57
In base 7, what is 6602 - 10?
6562
In base 16, what is -5 + 34?
2f
In base 4, what is -322 - -2?
-320
In base 16, what is 6 - -b2?
b8
In base 7, what is 4 + 2221?
2225
In base 16, what is 1 - 26?
-25
In base 3, what is -121022220 - -1?
-121022212
In base 9, what is -4 - -1784?
1780
In base 4, what is -10 - 3212?
-3222
In base 16, what is 8 + -18b?
-183
In base 13, what is 2 - 1b3?
-1b1
In base 2, what is 1010111001 - -11?
1010111100
In base 11, what is -23a - -12?
-228
In base 14, what is -54 - -6?
-4c
In base 15, what is c + 693?
6a0
In base 16, what is 3 + 79?
7c
In base 4, what is -123103 + 2?
-123101
In base 11, what is -22 + -20?
-42
In base 10, what is 2 - -86?
88
In base 2, what is 110010 - 11?
101111
In base 5, what is 1 + 120?
121
In base 2, what is 11 - -1100010000?
1100010011
In base 8, what is 2253 - -11?
2264
In base 6, what is 13 - -1?
14
In base 5, what is 1433 + -4?
1424
In base 14, what is 3b2 - -2?
3b4
In base 4, what is 2000 - -10?
2010
In base 7, what is -13 + -6?
-22
In base 11, what is -2 + -9a?
-a1
In base 2, what is 100 + -101111001101?
-101111001001
In base 6, what is -3211 - -3?
-3204
In base 8, what is 3 + -33?
-30
In base 6, what is -412 - -154?
-214
In base 9, what is -6 + 2341?
2334
In base 4, what is 32 + 2202?
2300
In base 7, what is -226 - 11?
-240
In base 2, what is -111000001111 + 0?
-111000001111
In base 14, what is -5 - 13a?
-141
In base 6, what is -1 + 2135?
2134
In base 10, what is 23 + 3?
26
In base 2, what is -100 + 100100?
100000
In base 2, what is 1 + -101010001010?
-101010001001
In base 3, what is 20212 + 2?
20221
In base 11, what is -13 - -17?
4
In base 3, what is 11 - 111221?
-111210
In base 12, what is 1016 - 2?
1014
In base 6, what is -3 - -34?
31
In base 6, what is 2113 - 31?
2042
In base 6, what is 11 - 3150?
-3135
In base 15, what is -5 + -83?
-88
In base 13, what is 20 - 23a?
-21a
In base 6, what is -2144 + -2?
-2150
In base 10, what is -136 - -3?
-133
In base 9, what is -5 - 2?
-7
In base 9, what is -28 + 61?
32
In base 10, what is -5 - -73?
68
In base 4, what is 21 + -10?
11
In base 3, what is 121121 - -122?
122020
In base 12, what is -5 - -16b6?
16b1
In base 5, what is 20 - -1044?
1114
In base 11, what is 399 - 2?
397
In base 3, what is -10 + -100000201?
-100000211
In base 12, what is 7 + 48?
53
In base 14, what is -1 + 42?
41
In base 2, what is 0 + 100011?
100011
In base 16, what is b - -4e?
59
In base 11, what is 6 + -35?
-2a
In base 9, what is 827 - 3?
824
In base 4, what is -330021 - 11?
-330032
In base 10, what is -4 - 54?
-58
In base 10, what is -16 - -17?
1
In base 15, what is 1 + -242?
-241
In base 5, what is 11 - 34?
-23
In base 15, what is 3 - -116?
119
In base 2, what is 101100 + 11?
101111
In base 15, what is -12 + eb?
d9
In base 2, what is -10 + 11111?
11101
In base 12, what is -1 + -109?
-10a
In base 16, what is 1744 + -5?
173f
In base 14, what is 1d2 + -3?
1cd
In base 7, what is 202 - 123?
46
In base 5, what is -134130 - -3?
-134122
In base 9, what is -2 - 177?
-180
In base 12, what is 5 + 175?
17a
In base 2, what is 110000 + 101010?
1011010
In base 14, what is 36 - 0?
36
In base 15, what is -4 - 2?
-6
In base 10, what is -1186 + -3?
-1189
In base 3, what is -12101 + 20?
-12011
In base 11, what is 529 + 0?
529
In base 4, what is 103232 + -1?
103231
In base 15, what is -2 + -14?
-16
In base 14, what is 22 + 2?
24
In base 14, what is 4 - -7?
b
In base 16, what is d - 291?
-284
In base 3, what is 1012000 - -1?
1012001
In base 7, what is 3124 + 5?
3132
In base 2, what is 100 + -100000110?
-100000010
In base 12, what is -5 + -1b80?
-1b85
In base 16, what is 6d + -3?
6a
In base 5, what is 103422 + 10?
103432
In base 10, what is -1 + -41?
-42
In base 6, what is -140041 - 3?
-140044
In base 9, what is -21 + -745?
-766
In base 6, what is -11 - 414?
-425
In base 10, what is -2 - -29?
27
In base 7, what is -35624 - 4?
-35631
In base 4, what is -3110032 - 0?
-3110032
In base 8, what is -205 + -2?
-207
In base 13, what is -4b - -43?
-8
In base 6, what is 11 + -134?
-123
In base 15, what is aa6 + 2?
aa8
In base 2, what is -11110111 - -111?
-11110000
In base 11, what is 14 - 5?
a
In base 2, what is 10 - 100010111000?
-100010110110
In base 4, what is -102 + 1?
-101
In base 2, what is 1000100 - -101?
1001001
In base 15, what is -164 - -5?
-15e
In base 8, what is 4 + -475?
-471
In base 6, what is 351 + 221?
1012
In base 13, what is 85 + 19?
a1
In base 7, what is -131 - 30?
-161
In base 3, what is 2 + -2011?
-2002
In base 12, what is 11 - -8?
19
In base 10, what is 362 + 4?
366
In base 10, what is -15 + 2?
-13
In base 15, what is 6 + a2?
a8
In base 2, what is -11 + -10000011010?
-10000011101
In base 10, what is 12 + -68?
-56
In base 9, what is -8 + 15?
6
In base 14, what is -81 - -22?
-5d
In base 15, what is 5c + -a?
52
In base 16, what is -4 - -360?
35c
In base 7, what is 6243 + 5?
6251
In base 3, what is 1002200 + 1?
1002201
In base 13, what is -5 + -5?
-a
In base 6, what is -553 - -10?
-543
In base 2, what is -1010 + 1101011111?
1101010101
In base 5, what is -3344 - -4?
-3340
In base 12, what is 5 - -29?
32
In base 14, what is 46 - 29?
1b
In base 11, what is -2 - -40?
39
In base 11, what is -40 + -5?
-45
In base 11, what is 220 + -6?
215
In base 12, what is 649 - 8?
641
In base 15, what is -4 + 2a5?
2a1
In base 15, what is -253 + -3?
-256
In base 2, what is 1010 + -1000111?
-111101
In base 6, what is 2522 - -3?
2525
In base 14, what is -a + -33c?
-348
In base 13, what is -10 + 4?
-9
In base 11, what is -1041 + -1?
-1042
In base 5, what is -3 - 4?
-12
In base 13, what is 3 - 322?
-31c
In base 14, what is 2 - -2a?
2c
In base 13, what is 0 + -349b?
-349b
In base 13, what is -2 - 25?
-27
In base 5, what is -14 + 310?
241
In base 16, what is -6 - 2c?
-32
In base 3, what is 1002 + -12000?
-10221
In base 12, what is -198a + -4?
-1992
In base 2, what is 10100110 - 11?
10100011
In base 6, what is 551 + -5?
542
In base 12, what is 5bb2 - 2?
5bb0
In base 14, what is -5 - 22?
-27
In base 11, what is -3 + -472?
-475
In base 16, what is 436 + -4?
432
In base 4, what is 1 + -2001?
-2000
In base 5, what is 10 - -33342?
33402
In base 9, what is 1 + 256?
257
In base 7, what is -1003 - 6?
-1012
In base 14, what is 1 + -d0?
-cd
In base 2, what is -10 - 100011?
-100101
In base 3, what is -100 + 1002202?
1002102
In base 7, what is -103 - -4?
-66
In base 5, what is -1 - -33?
32
In base 3, what is -1 + 102010?
102002
In base 14, what is 2 + -21?
-1d
In base 5, what is -24 + 143?
114
In base 10, what is -1027 + 5?
-1022
In base 11, what is -4873 + 0?
-4873
In base 15, what is 56 - -1?
57
In base 6, what is -54031 + -5?
-54040
In base 5,